4. Suppose 11 - 42 = -3*q + 5*v, 0 = o*q + 5*v + 17. Let j(u) = -6*u - 8 - 8 + 12 + u**q. What is j(7)?
3
Suppose 6 = 7*b - 8. Let a(y) = -49050 - b*y + 49050 - 2*y. Let q(v) = v**3 + 9*v**2 - 2. Let i be q(-9). What is a(i)?
8
Let h(v) = v**3 + 29*v**2 + 13*v + 15. Let s(p) = p**3 + 22*p**2 + 13*p + 13. Let t(r) = -2*h(r) + 3*s(r). What is t(-5)?
19
Let g(y) = -3*y**3 - 4*y + 5*y - 1 + 2*y**3. Suppose -7*d + 144 = d. Suppose 3 = -15*q + d. Give g(q).
-1
Suppose -12*p + 23 + 13 = 0. Let r be (-1)/(p/30*30/(-12)). Let k(w) = w**3 - w - 1. Let y(a) = -6*a**3 + 3*a**2 + 8*a + 4. Let u(i) = 5*k(i) + y(i). Give u(r).
-5
Let d(g) be the second derivative of -g**5/20 + g**4/4 - g**3/2 - g**2 + 2*g - 1405. Calculate d(3).
-11
Let r = 2286 + -2298. Let j(c) = 3*c + 20. Give j(r).
-16
Let z = -54 - -55. Let r(c) = -c - 17*c**2 + 39*c**2 - 21*c**2. Calculate r(z).
0
Suppose 5*z - 8*z = 21. Let a be 6 - (5 + -3 - z). Let k(q) = 5*q**2 - 2*q. Let v(r) = -r**3 + 26*r**2 - 10*r. Let o(g) = -11*k(g) + 2*v(g). Give o(a).
21
Let a(o) be the first derivative of 3*o + 1/3*o**3 + 36 + 5/2*o**2. Calculate a(-4).
-1
Suppose -5*l - 27*b - 69 = -29*b, -l + 3*b - 32 = 0. Let m(k) = k**3 + 13*k**2 + 21*k + 1. Determine m(l).
12
Let i(a) = -13*a + 3 - 1 + 6*a + 5*a - a**2. Let s be i(-2). Let h(u) = 3 - 2 + u**3 - 3*u**2 + 3*u**s + 4*u**2. What is h(-4)?
1
Let x(f) = 5*f - 241 + 28*f + 244. Determine x(1).
36
Let a(h) be the second derivative of h**4/12 - 7*h**3/6 - 11*h**2/2 + 10*h + 37. Give a(9).
7
Let r be (-5)/6 + 1192*(-13)/(-624). Let d(i) = i**3 - 24*i**2 + 2*i - 33. Give d(r).
15
Let u(i) be the third derivative of 1/12*i**5 + i**3 + 8*i**2 + 0 + 1/6*i**4 + 1/120*i**6 + 0*i. Suppose 0 = -d - 5 + 1. Determine u(d).
6
Let s(d) = d**2 + d + 6. Let f(u) = 5*u**2 + 18*u + 61. Let q(k) = -f(k) + 4*s(k). Calculate q(-16).
-69
Let c(s) = s**2 + s + 3. Let v = 136 - 121. Let i(x) = x**3 - 18*x**2 + 44*x + 15. Let d be i(v). Calculate c(d).
3
Let b = -4040 + 4049. Let p(m) = -m**3 + 9*m**2 - 3*m + 30. Calculate p(b).
3
Suppose r - 2*u = 3, 4*u - 9 = 5*r - 0*u. Let p(q) be the first derivative of -2*q**3/3 - 5*q**2 + 6*q + 3929. What is p(r)?
6
Let p(l) = 3 - 6*l + l + 2*l. Suppose 2*g + 5*w + 16 = 0, -8 = 19*w - 17*w. Determine p(g).
-3
Let h(o) be the first derivative of 2*o**3/3 + 13*o**2 + 4*o - 5805. Give h(-10).
-56
Let u(z) = 12*z - 146. Let c be u(12). Suppose 4*h - 9 = -0*h + f, -5*h + 24 = 3*f. Let m(k) = -6*k + 3*k**h + 7*k + k**2 + 2*k + 3 + 2*k**2. Give m(c).
-15
Let a(j) = 329 - 25*j - 104 - 45 - 10*j. What is a(5)?
5
Let j(a) = -a**2 - 29*a - 125. Suppose -318 - 138 = 19*h. Calculate j(h).
-5
Let t(h) = -12*h - 10*h + 4*h**2 - h**3 + 3*h**2 + 36*h - 13 - 9*h. What is t(8)?
-37
Let b(u) = -16*u + 8. Let g = 8857 + -8852. Give b(g).
-72
Let c(u) = u**2 - 3. Let i(k) = -k**2 - 10*k - 4. Let p be i(-8). Suppose 3*d - p = 0, 8*h - 3*d = 4*h. Suppose z = -h*z + z. Give c(z).
-3
Let z(u) = 0*u**2 + 3 + 1 - u**2 + 4*u. Let n(g) = 1032*g + 52638. Let x be n(-51). Determine z(x).
-8
Let f(s) = -s**3 + s**2 - 35*s + 87. Let n(b) = -b**2 - 2*b - 1. Let v(k) = f(k) - 7*n(k). Calculate v(7).
-4
Let r(l) = 1036*l**2 + l - l**3 - 2377*l**2 + 22 + 1342*l**2. What is r(0)?
22
Suppose -6*o = -2*o - 8, 5*o = -3*w + 55. Let s(z) = -2 + 0 - 24*z + 33*z - w*z. Give s(5).
-32
Let z(t) = t**2 + 4*t - 3. Let w(l) = -l**3 + l**2 + 4*l - 1. Let k be ((-2)/9)/((-11)/99). Let s be w(k). What is z(s)?
18
Let m(w) = w**3 + 9*w**2 - 38*w - 26. Suppose -20765*g + 20780*g + 127 = -53. Give m(g).
-2
Let g(s) = s**2 + 7*s + 12. Let v be g(-6). Let c be 16/v + 50/(-75) + 3. Let q(j) = -j + 2. Determine q(c).
-3
Let p(y) be the first derivative of -4*y**4 - 10*y**3/3 - 6*y**2 + 6*y - 121. Let c(x) = 3*x**3 + 2*x**2 + 2*x - 1. Let h(o) = -11*c(o) - 2*p(o). Give h(-3).
2
Let h(n) = -9*n - 2. Let y(k) = 11*k - 15. Let w be y(2). Let c(p) = 5*p + 1. Let q(s) = w*c(s) + 4*h(s). What is q(6)?
-7
Let w(x) = x + 13. Let h be w(-10). Let r(m) = -2 - m**h + 4*m**2 + 460*m - 916*m + 453*m. Calculate r(3).
-2
Let v be (-8 - (5 - 5))*-1. Let q(w) = -15*w + 97. Give q(v).
-23
Let w = 121 - 120. Suppose -3*a + 2*d - 3 = -w, -2*a + 3*d + 7 = 0. Let s(c) = 2*c + 4. Let g(q) = 2*q + 4. Let j(l) = 3*g(l) - 2*s(l). Give j(a).
-4
Let y = -178 - -178. Let r(z) = z**3 + z**2 - 17*z + 38. Let t(i) = -i**3 - i**2 + 14*i - 39. Let d(b) = -5*r(b) - 6*t(b). Calculate d(y).
44
Let s(a) be the third derivative of -a**4/2 - 9*a**3 - 3634*a**2 - a. What is s(-4)?
-6
Let v be ((-6)/(-4))/((-5)/(-10)). Suppose v*i = 5*n - 4*n + 11, -3*i + 19 = n. Let h(k) = -141*k + 140*k + 5 - i. Calculate h(-6).
6
Let f(d) = 4*d - 126. Let u be (-22 - 9)/((-25)/25). Calculate f(u).
-2
Let z(o) = -o**2 - 1. Let u = -1254 - -1261. Determine z(u).
-50
Suppose 0 = -0*d - 2*d. Let c be -4 - (d - -1 - 10). Let x(a) be the third derivative of a**4/12 - a**3 + 16*a**2. What is x(c)?
4
Let f(t) be the first derivative of t + 3*t**3 + 88 + 1/4*t**4 + 1/2*t**2. Determine f(-9).
-8
Let k = 132 + -135. Suppose -n = n - 2. Let h be (k + n)*14/4 - 3. Let j(m) = m + 5. Calculate j(h).
-5
Let n(h) be the first derivative of -2*h**2 - 56*h - 2803. Calculate n(-17).
12
Let m(z) = z**2 - 10*z - 8. Let p be 412/41 + 68/(-1394). Calculate m(p).
-8
Let x(f) be the third derivative of f**5/60 - 2*f**3/3 + 2*f**2. Let m be 8/16 + 60/24. What is x(m)?
5
Let k(z) = -7*z**2 - 3*z + 3. Let p(j) = -32*j**2 - 34*j + 37. Let a(v) = 5*k(v) - p(v). Determine a(6).
-16
Let a = -155 - -157. Suppose -k + 8 = -a*k. Let f(x) = -3*x**2 - 9*x - 8. Let g(r) = 7*r**2 + 18*r + 17. Let i(w) = -5*f(w) - 2*g(w). Give i(k).
-2
Suppose 3*c - 5*l + 7 = 0, -c + 4*l = -0*l. Let j be (-7)/c + 1 - 12/16. Let r(m) = 2*m - 4*m - m - m**j + 4*m + 9. Calculate r(0).
9
Let g(s) = -6*s**3 + s**2 + s + 7. Let m(d) = 5*d**3 - d - 6. Let h(b) = -6*g(b) - 7*m(b). Let q = -116 + 120. Give h(q).
-28
Let v(k) = k**3 + 13*k + 11170 - 11143 + 2*k**2 - k + k**2. Calculate v(-2).
7
Let n(f) be the third derivative of -f**6/120 + 31*f**5/60 - f**4/24 + 5*f**3 + 49*f**2. Let q be n(31). Let d(l) = l**2. Give d(q).
1
Let w = -1248 - -733. Let s = -509 - w. Let x(r) = r**2 - 4*r - 8. What is x(s)?
4
Let s = 147 - -282. Let v = s - 436. Let r(g) be the third derivative of g**5/60 + g**4/4 - g**3/3 - 2*g**2. Calculate r(v).
5
Let s = 14379 + -14351. Let r(i) = i**3 - 28*i**2 - 2*i + 53. Determine r(s).
-3
Let o be (-3 - 30/(-6)) + 0. Let n be 8*(-3 + 21/6). Suppose -5*t - o = -n*t. Let b(u) = -2*u + 2. Calculate b(t).
6
Suppose 3*u + 3 = 21. Let p be u/((-3)/2 - 0). Let m(j) be the first derivative of -j**2 + 4*j + 7. Calculate m(p).
12
Suppose 3*s - 3*d + 6*d + 33 = 0, 119 = 2*d + 139. Let g(t) be the second derivative of 3*t**5/4 + t**4/6 - t**2/2 - t. Give g(s).
-14
Let w be (-22)/(-5) + 4/(-10). Suppose 221 = w*h - 179. Suppose h*c - 103*c - 3 = 0. Let v(n) = -6*n**2 - 1. Give v(c).
-7
Let v(i) = i**3 - 12*i**2 + 11*i - 5. Let u(m) = -26*m - 1497. Let k be u(-58). Calculate v(k).
-5
Let r(g) be the second derivative of 5*g**4/12 + g**3/6 - 3*g**2/2 - 48*g. Let y(u) = 4*u**2 - u - 3. Let s(t) = 2*r(t) - 3*y(t). Let l = 3 - -1. What is s(l)?
-9
Suppose -63 = -294*b + 303*b. Let c(z) be the third derivative of z**5/60 + z**4/3 + 5*z**2. Calculate c(b).
-7
Let k(n) = -n**2 - 7*n + 16. Suppose 0 = -2*l + 5*m - 48, 1858*m - 1855*m = -4*l - 18. What is k(l)?
-2
Let o(j) = -j**3 + 13*j**2 - 12*j + 2. Let a be o(12). Let v(h) be the first derivative of 1 - 4*h**a - 15 + 3*h - 7*h. What is v(-3)?
20
Let m(o) = o**3 - 5*o**2 + 8*o - 3. Let z be m(3). Suppose -z*s = -4*s. Suppose u + s = 8. Let g(y) = y**3 - 8*y**2 + y - 8. What is g(u)?
0
Suppose 5*l - 4*s + 1237 = 0, 0*l - 499 = 2*l - 3*s. Let m = l + 260. Let o(y) = -y**2 + 14*y + 8. Calculate o(m).
-7
Let g(m) = -5*m**2 - 4*m - 3. Let q be (-3 - 2/(-1))*15. Let l be (-7 - 60/(-9))/((-1)/q). Let k be 8/l + (12/(-15))/2. Give g(k).
-15
Let j(d) = -239*d + 1. Let n(o) = 660*o - 6. Let z(u) = -11*j(u) - 4*n(u). What is z(5)?
-42
Let b(a) be the third derivative of -1/12*a**5 - 7/24*a**4 - 1/120*a**6 + a + 0 - 2/3*a**3 - 258*a**2. Suppose -3*k - 1 = -6*t + 4*t, k + 7 = -t. What is b(t)?
8
Let h(j) = 8*j + 1. Let l(m) = -36*m + 54. Let s(y) = -10*h(y) - 2*l(y). Give s(-14).
